-2). Let n = h + m. What are the prime factors of n?
3
Suppose 4*d - 17 = 59. What are the prime factors of d?
19
Let z be ((-1)/2)/(3/(-6)). Let x = z - -5. What are the prime factors of x?
2, 3
Let z(r) = r**2 - 5*r - 4. Let l be z(6). Suppose 3*s = l + 31. What are the prime factors of s?
11
Suppose -v = -4*w - 41, 3*w + 86 = 5*v - 85. What are the prime factors of v?
3, 11
Let d = 3 - -6. Let p be ((-3)/d)/((-2)/60). Suppose -2*m = -3*m + p. List the prime factors of m.
2, 5
Let j(x) = -8*x**3 - 3*x**2. List the prime factors of j(-2).
2, 13
Let z = 204 - -59. What are the prime factors of z?
263
Let y(v) = v**3 - 9*v**2 + 11*v - 9. Let r be y(7). List the prime factors of ((-6)/5)/(3/r).
2, 3
Let j = -88 + 186. List the prime factors of j.
2, 7
What are the prime factors of (-3)/6 - (-198)/4?
7
Suppose r = -0*r. Let z(d) = d - 6. Let s be z(r). List the prime factors of 120/(-9)*s/5.
2
What are the prime factors of (-1230)/(-42) - ((-10)/14 - -1)?
29
Suppose 0 = -0*j - 3*j. Suppose 5*t + i = 11, j = 5*t + 2*i - 5*i - 7. Suppose -4 = -t*d + 10. What are the prime factors of d?
7
Suppose 10*o + 2*q = 5*o - 125, -2*o + q - 41 = 0. Let b = -14 - o. What are the prime factors of b?
3
Let n(g) = -g**3 + 6*g**2 - 11*g - 14. Let t(w) = 3*w**3 - 11*w**2 + 21*w + 29. Let j(l) = 5*n(l) + 2*t(l). What are the prime factors of j(-9)?
2, 3
What are the prime factors of -1 + 14*(0 - -2)?
3
Suppose 114 = 6*k - 6. What are the prime factors of k?
2, 5
Suppose -3*z + 12*z = 189. What are the prime factors of z?
3, 7
Let z(f) = -f**3 - 12*f**2 + 9*f - 13. What are the prime factors of z(-14)?
11, 23
Suppose -5*j - 5*y = -665, 0 = 5*j - 5*y - 709 - 6. What are the prime factors of j?
2, 3, 23
Suppose 2*q - 3*q + 4*p + 19 = 0, 5*q = p + 76. Suppose 3*d + q = 6*d + 3*g, -4*g = 2*d - 16. What are the prime factors of (0 + d)/2*9?
3
Suppose 2*i - 131 = 5*f, 0 = -i + 2*i + f - 48. What are the prime factors of i?
53
Suppose -4*a = -14 - 90. Suppose 4*k + 54 = 226. Let n = k - a. List the prime factors of n.
17
Suppose 4*t - y - 50 = 0, -2*y + 60 - 17 = 3*t. Let d = t + -9. List the prime factors of d.
2
Suppose -16 = -4*u - 0*u - h, 3*u + h = 13. Suppose 5*c + u = -7. Let k = 6 + c. List the prime factors of k.
2
Suppose -3*v = -393 - 255. List the prime factors of v.
2, 3
List the prime factors of (-13)/((-273)/3136) + 2/3.
2, 3, 5
Suppose 4*p - 6 - 6 = 0. Let w = 7 - 3. Suppose 5*f - 55 = -2*c, -f = w*f + p*c - 60. List the prime factors of f.
3
Let n = -3 + 7. List the prime factors of n.
2
Let r(h) = 4 + h**2 - h - 10*h + 0 + 3. Let t be r(10). List the prime factors of 3/t + (1 - -10).
2, 5
Let b(r) = -r + 5. Let n be b(0). Suppose 27 = -n*o + 8*o. What are the prime factors of o?
3
Suppose h - 4*c = -5*c + 2, 2*h + 5*c + 5 = 0. List the prime factors of h.
5
Let r(o) = -o**3 + 4*o**2 - 3*o + 1. Let t be r(4). Let h(l) = -l**3 - 12*l**2 - 11*l + 9. What are the prime factors of h(t)?
3
Let m = 130 - 72. List the prime factors of m.
2, 29
Let c = -15 + 55. What are the prime factors of c?
2, 5
Let h = 6 - 5. List the prime factors of (-3)/h*1 + 11.
2
Suppose -p = 5*m - 445, m - p + 357 = 5*m. Let h = m + -63. What are the prime factors of h?
5
Let t(x) = -x**2 - x. Let i(a) = 3*a**2 - 4*a - 7. Let y(s) = -i(s) - 4*t(s). Let b be y(-8). Suppose b = 3*l + 1. What are the prime factors of l?
2
Let h(x) = -x**3 - x**2 - 2*x - 1. What are the prime factors of h(-2)?
7
Let x(y) = -4*y - 14. List the prime factors of x(-6).
2, 5
Let j(g) = g**3 + 6*g**2 - g - 1. Let u = 2 + -8. Let w be j(u). Suppose -2*f - 2*l = -10, 4 = w*f + 3*l - 23. What are the prime factors of f?
2, 3
Let t(x) = 4*x**2 + 4*x + 1. Let m(a) = a**2 + a + 1. Let g(w) = 5*m(w) - t(w). Let p(q) = -q + 2. Let y be p(5). List the prime factors of g(y).
2, 5
Let k be 3/(-6)*(-18)/3. Suppose 0 = -k*h + n + 28, -4 = 6*n - 2*n. Suppose -2*b + 3 = -h. What are the prime factors of b?
2, 3
Let w(n) = n - 10. What are the prime factors of w(14)?
2
Let i = -32 + 41. List the prime factors of i.
3
Let u = 164 - 105. What are the prime factors of u?
59
Suppose -6*h + 3*h + 117 = 0. What are the prime factors of h?
3, 13
Let z(f) = -f**3 - 8*f**2 - f - 1. Let p(s) = 9*s**3 + 2*s**2 - 1. Let i be p(-1). What are the prime factors of z(i)?
7
Let i(m) = 4*m + 13. List the prime factors of i(6).
37
Suppose 5*j + 26 = -4*x + 201, 0 = 2*j - 5*x - 70. Suppose 2*m - 6 - 6 = 0. Suppose j = m*r - r. What are the prime factors of r?
7
Let r(g) = -g + 9. Suppose 3*o = -3*t + 15, -t - o - 9 = -2*t. Let a be t/1 - (-1 - -1). What are the prime factors of r(a)?
2
Let f(l) = 13*l**3 - 14*l + 14*l - l**2. List the prime factors of f(1).
2, 3
Let x(g) = -4*g + 2. Let b be x(-3). Suppose -t + 5*i = -b, 3*t - 32 = 3*i + 2*i. What are the prime factors of t?
3
Let h = 5 + -5. Let w be 2/(-5)*(h + 15). What are the prime factors of -8*w/((-6)/(-2))?
2
Suppose -5*p - 12 = -2. Let q be (-4)/(-2) + 0/p. List the prime factors of (q - (-10)/4)*4.
2, 3
Let y be (-1)/(-3) + (-5)/(-3). Suppose 0 = -s + y*s - 7. List the prime factors of s.
7
Let h = -11 + 13. List the prime factors of h.
2
Let n(h) = -h**3 + 5*h**2 - h - 2. Let c be n(4). List the prime factors of 6/c - (-62)/5.
13
Let n = 31 + 8. List the prime factors of n.
3, 13
Let y(d) = -2*d - 13. Let w be y(-11). Suppose g = 4*g - w. List the prime factors of g.
3
Suppose 0 = -8*k + 2*k + 1326. List the prime factors of k.
13, 17
Let x(i) = i**3 + 18*i**2 - 7*i + 39. List the prime factors of x(-17).
3, 149
Suppose -2*b = -4*d - 504, 3*d - 2*d + 492 = 2*b. List the prime factors of b.
2, 61
Suppose k = -26 + 74. List the prime factors of k.
2, 3
Suppose 3*r = -4*j + 66, 2*j + 0*r = -5*r + 40. List the prime factors of j.
3, 5
Suppose -24*n = -26*n + 162. List the prime factors of n.
3
Let n = -2 + 2. Suppose -9 = 3*a - n. Let d = 9 + a. What are the prime factors of d?
2, 3
Let f(j) = 1. Let g(h) = h + 1. Let n(r) = -r - 1. Let w(b) = -5*g(b) - 4*n(b). Let a(l) = 2*f(l) + w(l). What are the prime factors of a(-6)?
7
Let q = 208 + -74. List the prime factors of q.
2, 67
Suppose -139 = -6*j - 25. List the prime factors of j.
19
Let d = 3 + -5. Let g be (-1 - (0 + d))*9. Suppose 4*m = 4*l + 36, m - g = -0*m + 4*l. What are the prime factors of m?
3
Let g be (-36)/(-10) + 2/5. Suppose 3*n + g = 4*n. Let p = 16 - n. What are the prime factors of p?
2, 3
Let w(d) = -d**2 + 2*d + 74. What are the prime factors of w(0)?
2, 37
Let q(d) = d**3 - d**2 - d. Suppose 5*m + 25 = -5*f, -27 = 3*m - 12. Let s be q(f). Suppose -n - n - 10 = 0, s = 5*z + 3*n. What are the prime factors of z?
3
Let w(o) be the first derivative of o**4/4 + 5*o**3/3 - 2. Let b be w(-5). What are the prime factors of (-8)/6*(b - 3)?
2
Suppose 5*p - 103 - 104 = 2*j, 5*p = -5*j + 235. List the prime factors of p.
43
Suppose -2*n + 0*g + 2*g + 32 = 0, 4*g = -5*n + 80. Suppose -32 = -4*q + n. What are the prime factors of q?
2, 3
What are the prime factors of 42/(-3)*(1 - 2)?
2, 7
Let a(i) = i**3 - 8*i**2 - 10*i + 11. Let l be a(9). Let n(o) = 3*o**l + 0 + 5 + 5*o - 1. List the prime factors of n(-3).
2
Let m(g) = 3*g - 9. Let i(o) = o**2 + 6*o - 7. Let b be i(-8). List the prime factors of m(b).
2, 3
Suppose -2*r + 1 = -5. List the prime factors of (r - 3)/1 - -11.
11
Let x(p) be the third derivative of -p**4/12 + p**3 + 2*p**2. Let r be -6 - -2 - (0 + 1). List the prime factors of x(r).
2
Let j(c) = 21*c + 4. List the prime factors of j(5).
109
Let l(u) = -u - 3 - 8 + 59 - u**2 + 0*u + u**3. Let f be l(0). Suppose -4*t + 0*t = -f. List the prime factors of t.
2, 3
Let t = -221 - -358. What are the prime factors of t?
137
Suppose 4*r - 18 - 66 = 0. What are the prime factors of r?
3, 7
Let y = -132 - -217. What are the prime factors of y?
5, 17
Let t(r) = -10*r + 2*r + 0*r. Let s be t(-1). Let x(j) = j**3 - 7*j**2 - 7*j. What are the prime factors of x(s)?
2
Suppose 0 = -3*i + i + 72. Suppose 3*l + 2*m = -2*m + 25, m = -5*l + i. List the prime factors of l.
7
Suppose -x - 22 = -4*l, -4*l - l + 4*x + 22 = 0. Suppose -l*z + 60 = -z. What are the prime factors of z?
2, 3
Let v be -7*-1*(0 - -1). Let m be 1/(-2)*(-2)/10*0. Suppose 4*r + 3*b - 54 = m, -5*r = -v*b + 3*b - 83. List the prime factors of r.
3, 5
Suppose 2*a = 3*a